reatest common factor of 632 and 1225922.
158
Calculate the highest common divisor of 407 and 772301.
37
What is the highest common divisor of 1630350 and 900?
450
What is the greatest common divisor of 4 and 1498383?
1
Calculate the highest common divisor of 132765 and 3340.
835
Calculate the highest common divisor of 2170 and 888720.
70
Calculate the greatest common factor of 972 and 375423336.
972
Calculate the greatest common divisor of 836 and 8000102.
418
What is the highest common divisor of 5013935 and 25?
5
What is the highest common divisor of 3474 and 1710945?
1737
What is the greatest common divisor of 6103 and 115393011?
359
What is the highest common divisor of 72 and 45838179?
9
What is the greatest common factor of 5902 and 624013?
13
Calculate the greatest common factor of 255 and 935544.
51
Calculate the greatest common factor of 7844 and 3555293.
1961
What is the highest common divisor of 2290000 and 453750?
1250
Calculate the greatest common factor of 13214226 and 114.
6
Calculate the greatest common factor of 72128 and 34304704.
3136
What is the highest common factor of 143240 and 8960?
40
Calculate the highest common factor of 35 and 8908711.
7
Calculate the greatest common factor of 299085991 and 1773.
197
Calculate the greatest common factor of 4553356 and 344.
172
Calculate the greatest common factor of 38 and 5430979.
19
Calculate the greatest common divisor of 12606 and 12712578.
1146
Calculate the highest common factor of 7 and 52134397.
7
Calculate the greatest common factor of 430 and 1951860.
10
Calculate the greatest common factor of 10225 and 8295975.
25
What is the highest common divisor of 141876 and 1652?
28
Calculate the highest common factor of 11210 and 805610.
10
Calculate the greatest common factor of 14859906 and 12.
6
What is the greatest common factor of 91042 and 7474734?
1858
Calculate the greatest common factor of 2079 and 55134387.
693
Calculate the greatest common factor of 98528480 and 10.
10
Calculate the highest common divisor of 112443 and 48278567.
1013
What is the greatest common factor of 38797793 and 111?
37
What is the highest common factor of 18968 and 27424?
8
Calculate the greatest common factor of 132709220 and 52780.
4060
What is the greatest common factor of 182 and 13042952?
26
What is the highest common divisor of 18275 and 555947?
43
What is the highest common divisor of 4079145 and 46375?
1855
What is the greatest common factor of 2242 and 97954396?
118
What is the greatest common factor of 112 and 1466122?
14
What is the greatest common divisor of 5104663 and 44957?
4087
Calculate the highest common divisor of 2046 and 9351243.
1023
What is the greatest common divisor of 353595 and 3905?
55
What is the highest common divisor of 4997 and 421705?
19
What is the highest common factor of 159259 and 1072?
67
Calculate the greatest common factor of 2220 and 3157260.
60
Calculate the greatest common divisor of 30679356 and 340.
68
What is the greatest common factor of 24402 and 30576?
294
Calculate the greatest common factor of 658140 and 25760.
140
What is the highest common factor of 102 and 153164441?
17
What is the highest common factor of 346934464 and 64?
64
What is the greatest common factor of 81700701 and 3?
3
Calculate the greatest common divisor of 120 and 751120000.
40
What is the highest common divisor of 11355190 and 13090?
770
Calculate the highest common divisor of 759872 and 216256.
1984
Calculate the greatest common divisor of 50965 and 876628579.
10193
What is the highest common factor of 2202662 and 82698?
154
What is the highest common divisor of 31784532 and 468?
156
What is the highest common factor of 2662 and 6241785?
121
Calculate the highest common divisor of 16122224 and 51179.
839
What is the highest common divisor of 38042728 and 354?
118
What is the highest common divisor of 32869620 and 1064?
532
What is the highest common divisor of 13845746 and 39288?
3274
Calculate the greatest common divisor of 57533518 and 14.
14
What is the greatest common divisor of 280 and 453274325?
35
Calculate the highest common factor of 335 and 30013705.
5
What is the greatest common divisor of 28704 and 733976?
184
Calculate the highest common divisor of 37536850 and 19350.
2150
What is the greatest common divisor of 168 and 421283646?
42
Calculate the highest common factor of 3164 and 669509519.
791
What is the highest common divisor of 61693565 and 310?
155
What is the highest common factor of 1663812 and 10170?
2034
What is the highest common divisor of 25347769 and 8729?
1247
Calculate the greatest common factor of 5477771 and 2321.
211
What is the highest common factor of 14391 and 1409265?
351
What is the greatest common factor of 7458 and 1123754038?
2486
Calculate the highest common factor of 2299 and 3206863.
121
What is the highest common divisor of 14077486 and 2225?
89
Calculate the highest common factor of 104103144 and 1944.
1944
What is the greatest common factor of 5693373 and 2268?
63
What is the highest common factor of 270112644 and 27?
27
Calculate the highest common factor of 108616734 and 5730.
1146
What is the greatest common divisor of 375496 and 95183?
187
What is the highest common divisor of 6128 and 10051452?
1532
What is the greatest common factor of 2636931 and 165?
33
What is the greatest common divisor of 1693470 and 430350?
570
Calculate the highest common divisor of 111881 and 51513.
77
What is the greatest common factor of 815 and 275305?
5
Calculate the highest common divisor of 17009125 and 500.
125
What is the greatest common factor of 4380 and 1732500?
60
What is the greatest common factor of 81730 and 726?
22
What is the highest common divisor of 13252637 and 3384?
47
What is the greatest common factor of 31 and 71348?
1
What is the highest common divisor of 10404 and 97746804?
612
Calculate the greatest common divisor of 19030208 and 96.
32
What is the greatest common factor of 14565 and 20391?
2913
What is the highest common divisor of 2130129 and 5706?
9
Calculate the greatest common divisor of 435882640 and 120.
40
Calculate the greatest common divisor of 10101776 and 176.
16
Calculate the greatest common divisor of 80424792 and 8600.
344
Calculate the greatest common factor of 46944 and 149370592.
5216
What is the highest common factor of 909 and 6621?
3
Calculate the greatest common factor of 25036660 and 1795.
1795
Calculate the highest common divisor of 1956341 and 23.
1
Calculate the greatest common factor of 188 and 279492.
4
What is the greatest common factor of 4306 and 2773025246?
4306
Calculate the greatest common factor of 14 and 3596222.
14
What is the highest common divisor of 395739 and 1431?
27
Calculate the highest common factor of 18732 and 644.
28
Calculate the greatest common divisor of 124182646 and 21.
7
Calculate the highest common divisor of 3312 and 16333335.
207
What is the highest common divisor of 564189 and 515694?
183
What is the greatest common divisor of 25 and 5172175?
25
What is the greatest common divisor of 28825 and 2591944?
1153
What is the greatest common factor of 761482620 and 2484?
2484
Calculate the greatest common factor of 87771 and 581247.
51
Calculate the greatest common divisor of 2201690625 and 18750.
9375
What is the greatest common factor of 1555 and 18230?
5
Calculate the greatest common divisor of 2188801 and 6470.
647
What is the greatest common factor of 13632 and 552256?
64
Calculate the greatest common divisor of 224 and 927598.
14
What is the highest common divisor of 54 and 13450428?
54
Calculate the greatest common divisor of 307701 and 333.
9
Calculate the greatest common factor of 48728835 and 2875.
115
What is the highest common divisor of 18585 and 418782?
1239
Calculate the highest common factor of 92646396 and 2754.
918
Calculate the highest common divisor of 81650 and 268.
2
Calculate the highest common divisor of 4136 and 28116.
44
Calculate the greatest common divisor of 781 and 13374909.
71
Calculate the highest common factor of 1344 and 17850777.
21
Calculate the greatest common factor of 70 and 24802645.
35
Calculate the highest common factor of 188773 and 14872.
169
Calculate the highest common divisor of 82 and 2251597.
41
Calculate the highest common